Letham Shank Farm - Crops, Machinery and Livestock

 

   Letham Shank Weather Station
     Latitude  N 55° 46' 36"     Longitude  W 02° 02' 10"
     Elevation  54 m  
  
     Berwick-upon-Tweed, Northumberland TD15 1UX

| Current | Graphs | October | 2018 | Historic Data | Wind Maps | Converters | Forecast |

                   Monthly Climatological Summary for Jan 2018

Name: Letham Shank Farm   City: Berwick-upon-Tweed   State: Northumberland
Elevation: 54 m  Lat: N 55 46 36   Lon: W 002 02 10

                  Temperature (C), Rain (mm), Wind Speed (kts)

                                      Heat  Cool        Avg
    Mean                              Deg   Deg         Wind                 Dom
Day Temp  High   Time   Low    Time   Days  Days  Rain  Speed High   Time    Dir
----------------------------------------------------------------------------------
01   3.4   6.4   13:25   0.7   20:44  12.1   0.0   0.3  10.1  23.9   03:47   WSW
02   2.6   5.4   23:50   0.6   00:13  12.9   0.0   6.5   8.2  32.5   23:53    SW
03   4.5   6.8   13:23   2.7   08:17  11.0   0.0   4.4  12.8  41.1   03:33     W
04   4.1   5.3   00:28   2.6   06:15  11.4   0.0  10.6   5.0  20.1   23:28    NW
05   4.3   5.3   22:58   3.0   06:33  11.2   0.0   8.8  10.5  29.6   18:29    NE
06   4.2   5.3   00:16   2.6   16:44  11.3   0.0   0.5  18.3  39.2   06:45    NE
07   0.6   3.3   00:00  -2.8   23:52  14.9   0.0   0.0   5.9  17.2   02:04    NW
08   1.3   4.3   23:53  -3.5   03:07  14.2   0.0   0.3   5.6  22.9   17:32   SSE
09   4.1   5.1   13:51   1.8   23:14  11.4   0.0   0.0   8.5  22.9   12:54   SSE
10   3.3   4.0   13:40   2.3   00:00  12.2   0.0   2.6   4.3  13.4   04:22     W
11   5.2   6.1   11:49   3.3   00:30  10.3   0.0   1.8  10.0  22.0   09:28     N
12   4.7   7.1   12:59   2.7   22:44  10.8   0.0   0.0   4.6  15.3   19:25     S
13   4.5   5.2   12:27   3.6   19:31  11.0   0.0   0.0   8.2  23.9   10:35   SSE
14   3.9   5.8   23:58   2.2   07:02  11.6   0.0   0.0  13.1  38.2   22:53   SSW
15   5.2   7.6   03:30   1.2   23:54  10.3   0.0   0.0  14.1  39.2   00:15   WSW
16   0.5   2.3   12:11  -1.5   23:32  15.0   0.0   0.3  17.1  40.1   15:21   WSW
17   0.8   2.9   14:09  -2.1   02:55  14.7   0.0   0.8  15.1  32.5   11:24   WSW
18   0.9   3.3   13:43  -0.8   20:44  14.6   0.0   0.0   8.9  20.1   06:18     W
19   0.7   2.9   13:28  -0.5   02:17  14.8   0.0   0.0  13.8  28.7   14:30   WSW
20  -0.2   2.7   14:44  -4.4   23:59  15.7   0.0   0.3   8.2  17.2   01:25     W
21  -0.6   2.9   23:59  -4.4   00:00  16.1   0.0   1.8   8.7  26.8   16:51    SW
22   3.9   5.5   14:24   2.4   06:00  11.6   0.0   0.3  14.8  29.6   21:33     W
23   7.7  11.5   12:31   5.0   00:05   7.8   0.0   1.5  18.6  48.7   14:24   WSW
24   7.0  10.0   06:15   4.3   22:59   8.5   0.0   5.7  25.6  56.4   12:58    SW
25   4.3   7.7   14:10   1.2   21:07  11.2   0.0   0.0   9.0  30.6   00:27    SW
26   3.6   6.6   11:28   1.7   22:16  11.9   0.0   0.0   7.2  17.2   07:58    NW
27   7.2  11.5   14:13   2.4   00:00   8.3   0.0   0.0  20.6  48.7   16:42   WSW
28   9.0  12.4   15:31   6.1   08:33   6.5   0.0   2.1  19.8  55.4   23:18   WSW
29   5.7  10.2   00:00   2.0   21:41   9.8   0.0   1.5  17.7  50.7   00:46     W
30   4.2   6.2   12:50   2.3   01:49  11.3   0.0   0.0  18.7  42.1   15:07   WSW
31   2.5   5.6   03:16  -0.1   21:16  13.0   0.0   0.5  18.3  39.2   10:59   WSW
----------------------------------------------------------------------------------
     3.6  12.4    28    -4.4    20   367.4   0.0  50.6  12.3  56.4    24     WSW

Max >=  20.0  0
Max <=  10.0 27
Min <=   5.0 30
Min <=  -5.0  0
Max Rain: 10.6 on day 4
Days of Rain: 19 (>= 0.2 mm)  7 (>= 2.0 mm)  0 (>= 20.0 mm)
Heat Base: 15.5  Cool Base: 15.5  Method: Integration

Print This Page


::Copyright © J. Cranston::
2000 - 2018