Letham Shank Farm - Crops, Machinery and Livestock

 

   Letham Shank Weather Station
     Latitude  N 55° 46' 36"     Longitude  W 02° 02' 10"
     Elevation  54 m  
  
     Berwick-upon-Tweed, Northumberland TD15 1UX

| Current | Graphs | March | 2019 | Historic Data | Wind Maps | Converters | Forecast | Tides |

                   Monthly Climatological Summary for Jan 2019

Name: Letham Shank Farm   City: Berwick-upon-Tweed   State: Northumberland
Elevation: 54 m  Lat: N 55 46 36   Lon: W 002 02 10

                  Temperature (°C), Rain (mm), Wind Speed (kts)

                                      Heat  Cool        Avg
    Mean                              Deg   Deg         Wind                 Dom
Day Temp  High   Time   Low    Time   Days  Days  Rain  Speed High   Time    Dir
----------------------------------------------------------------------------------
01   5.6  11.1   01:20   2.5   08:36   9.9   0.0   0.0  12.4  29.6   13:16   NNW
02   1.4   3.6   01:10  -2.1   20:27  14.0   0.0   0.0   6.9  19.1   00:06    NW
03   1.0   2.5   13:26  -1.7   00:00  14.5   0.0   0.0   4.3   9.6   02:24   WNW
04   3.9   5.8   15:32   2.2   00:31  11.6   0.0   0.0   5.7  16.2   15:23   WNW
05   3.7   4.4   00:08   2.1   20:46  11.8   0.0   0.0   7.4  17.2   11:06     W
06   6.4   8.6   11:48   3.8   00:00   9.1   0.0   1.9   7.5  19.1   07:03     W
07   8.0  10.6   11:34   5.9   23:57   7.5   0.0   0.2  20.9  51.6   11:52   WSW
08   5.0   7.4   14:12   3.3   22:03  10.5   0.0   0.5  12.8  26.8   11:40    NW
09   2.8   5.4   12:00   0.9   23:09  13.0   0.0   0.2   9.5  27.7   01:09   NNW
10   5.6   9.2   13:59   1.2   00:00  10.0   0.0   0.0   9.6  18.2   17:42   WNW
11   6.1   7.6   14:37   3.4   01:18   9.4   0.0   0.0   7.8  22.0   21:12     W
12   8.2  10.4   22:34   5.8   05:55   7.3   0.0   0.2  17.6  35.4   22:30     W
13   8.3  10.5   02:58   4.6   23:52   7.2   0.0   0.0  24.2  52.6   10:12   WNW
14   3.7   6.3   23:58   1.2   07:30  11.8   0.0   3.6   8.4  27.7   23:48   WNW
15   7.9  11.0   13:29   6.2   00:00   7.6   0.0   0.0  17.1  34.4   23:48   WSW
16   5.3   8.3   03:24   1.2   23:50  10.2   0.0   1.4  18.4  37.3   14:13     W
17   1.1   4.7   12:37  -1.2   22:44  14.4   0.0   0.0  14.3  34.4   01:10    NW
18   0.4   3.1   12:11  -2.3   04:36  14.9   0.0   0.0   6.8  21.0   15:22     S
19   1.2   2.3   14:02  -0.6   06:07  14.3   0.0   0.0   0.5   8.6   00:55    SW
20   1.3   5.7   13:48  -1.0   22:47  14.2   0.0   0.2   6.5  16.2   15:41   WNW
21   0.5   3.5   20:48  -2.4   07:32  15.0   0.0   0.5  10.0  25.8   20:41   WSW
22   0.4   4.0   13:05  -3.6   23:26  15.1   0.0   0.5   8.8  19.1   12:34     W
23  -2.1   1.9   14:59  -5.1   06:04  17.6   0.0   0.2   7.2  13.4   09:48     W
24   0.5   4.9   14:53  -2.6   07:14  15.0   0.0   0.0   5.0  13.4   00:10   WNW
25   6.8   9.8   11:19   0.7   00:00   8.7   0.0   0.2  13.3  32.5   23:44     W
26   7.2   9.3   00:00   3.6   21:48   8.3   0.0   4.3  16.0  38.2   21:24     W
27   2.7   3.8   12:26   1.5   04:26  12.8   0.0   7.7  22.8  45.9   13:49    NW
28   1.0   4.2   13:57  -0.6   06:58  14.5   0.0   0.2  11.8  24.9   00:00   WNW
29   0.1   2.1   14:48  -3.2   23:55  15.4   0.0   1.9   8.2  20.1   00:49     W
30  -1.7   3.2   14:14  -4.2   01:54  17.2   0.0   0.2   8.1  14.3   13:18     W
31  -3.4   1.1   14:50  -7.2   08:31  18.9   0.0   0.2   4.7  12.4   00:24   WNW
----------------------------------------------------------------------------------
     3.2  11.1     1    -7.2    31   381.7   0.0  24.1  10.8  52.6    13     WNW

Max >=  20.0  0
Max <=  10.0 26
Min <=   5.0 28
Min <=  -5.0  2
Max Rain: 7.7 on day 27
Days of Rain: 18 (>= 0.2 mm)  3 (>= 2.0 mm)  0 (>= 20.0 mm)
Heat Base: 15.5  Cool Base: 15.5  Method: Integration

Print This Page


::Copyright © J. Cranston::
2000 - 2019