Letham Shank Farm - Crops, Machinery and Livestock

 

   Letham Shank Weather Station
     Latitude  N 55° 46' 36"     Longitude  W 02° 02' 10"
     Elevation  54 m  
  
     Berwick-upon-Tweed, Northumberland TD15 1UX

| Current | Graphs | November | 2018 | Historic Data | Wind Maps | Converters | Forecast |

                   Monthly Climatological Summary for Feb 2018

Name: Letham Shank Farm   City: Berwick-upon-Tweed   State: Northumberland
Elevation: 54 m  Lat: N 55 46 36   Lon: W 002 02 10

                  Temperature (C), Rain (mm), Wind Speed (kts)

                                      Heat  Cool        Avg
    Mean                              Deg   Deg         Wind                 Dom
Day Temp  High   Time   Low    Time   Days  Days  Rain  Speed High   Time    Dir
----------------------------------------------------------------------------------
01   3.5   6.0   15:01   0.5   00:49  12.0   0.0   0.0  17.7  35.4   21:16    NW
02   3.6   6.9   12:01   0.0   21:36  11.9   0.0   0.8  11.7  33.5   00:46   NNW
03   2.3   3.6   15:46   0.4   01:27  13.2   0.0   3.4   6.7  16.2   16:59    NW
04   2.4   5.8   14:49   0.0   23:25  13.1   0.0   1.0   2.0   8.6   09:29     N
05  -0.6   1.9   14:55  -3.9   06:55  16.1   0.0   0.3   4.3  11.5   22:15     W
06   0.2   2.0   13:47  -2.4   23:46  15.3   0.0   4.9   9.6  22.0   09:51   WNW
07  -1.0   2.2   23:01  -4.8   08:01  16.5   0.0   0.0  11.5  32.5   22:56     W
08   4.4   7.5   13:16   2.1   00:00  11.1   0.0   0.0   9.7  24.9   00:12   WSW
09   2.2   4.8   13:24  -0.7   21:31  13.3   0.0   0.5  10.1  25.8   09:04   WNW
10   4.1   8.7   13:11  -0.8   00:25  11.4   0.0  16.8  10.0  27.7   10:53    SW
11   1.4   4.3   13:24  -0.9   21:45  14.1   0.0   7.5  13.4  28.7   02:13   WNW
12   1.0   3.8   12:33  -1.0   04:34  14.5   0.0   0.0  14.0  28.7   12:38   WSW
13   1.5   3.7   16:05  -1.6   22:51  14.0   0.0   0.3  10.6  31.5   08:59   SSW
14   1.6   4.4   21:58  -1.7   01:17  13.8   0.0   0.5  12.2  34.4   09:01     S
15   3.2   5.3   14:02   1.4   23:58  12.3   0.0   2.1  19.5  44.0   11:40   WSW
16   3.4   6.5   15:39   0.5   03:21  12.1   0.0   0.0  13.1  29.6   13:22    SW
17   4.2   8.3   14:35   1.5   22:20  11.3   0.0   0.3  10.8  25.8   01:24   WSW
18   3.2   5.7   16:27   0.0   07:51  12.3   0.0   3.1   5.3  13.4   02:37     W
19   5.9   7.3   12:18   5.0   00:00   9.6   0.0   5.2   3.2  11.5   15:35   NNW
20   6.0   9.5   14:05   3.0   22:48   9.6   0.0   3.4  11.5  25.8   12:16   NNW
21   2.9   6.9   12:27  -0.4   07:39  12.6   0.0   0.0   5.4  19.1   01:32   NNW
22   0.6   4.3   16:16  -2.8   08:00  14.9   0.0   0.3   5.8  18.2   14:05   WSW
23   1.5   4.5   12:50  -1.4   01:16  14.0   0.0   0.0   7.1  27.7   10:47   SSE
24   2.8   5.6   12:11   0.2   07:23  12.7   0.0   0.0   8.4  30.6   12:11   SSE
25   2.4   3.2   13:07   1.2   23:06  13.1   0.0   0.0   8.8  24.9   21:06   SSE
26   1.4   3.0   12:42  -0.7   18:42  14.1   0.0   0.0   9.0  23.9   23:43     E
27   0.2   2.0   11:58  -3.2   23:40  15.3   0.0   5.2  15.3  37.3   04:25   ENE
28  -2.8  -1.5   10:06  -4.0   16:50  18.3   0.0   0.0  17.9  41.1   05:08     E
----------------------------------------------------------------------------------
     2.2   9.5    20    -4.8     7   372.5   0.0  55.6  10.2  44.0    15     WSW

Max >=  20.0  0
Max <=  10.0 28
Min <=   5.0 28
Min <=  -5.0  0
Max Rain: 16.8 on day 10
Days of Rain: 17 (>= 0.2 mm)  9 (>= 2.0 mm)  0 (>= 20.0 mm)
Heat Base: 15.5  Cool Base: 15.5  Method: Integration

Print This Page


::Copyright © J. Cranston::
2000 - 2018