Letham Shank Farm - Crops, Machinery and Livestock

 

   Letham Shank Weather Station
     Latitude  N 55° 46' 36"     Longitude  W 02° 02' 10"
     Elevation  54 m  
  
     Berwick-upon-Tweed, Northumberland TD15 1UX

| Current | Graphs | May | 2017 | Historic Data | Camera | Wind Maps | Converters | Forecast |

                   Monthly Climatological Summary for Mar 2017

Name: Letham Shank Farm   City: Berwick-upon-Tweed   State: Northumberland
Elevation: 54 m  Lat: N 55 46 36   Lon: W 002 02 10

                  Temperature (C), Rain (mm), Wind Speed (kts)

                                      Heat  Cool        Avg
    Mean                              Deg   Deg         Wind                 Dom
Day Temp  High   Time   Low    Time   Days  Days  Rain  Speed High   Time    Dir
----------------------------------------------------------------------------------
01   2.0   6.7   15:01  -0.8   04:35  13.5   0.0   0.0   8.6  20.1   12:14     W
02   2.9   8.0   12:57  -1.2   03:45  12.6   0.0   0.3  15.9  40.1   13:17     W
03   3.5   5.6   17:05   1.0   05:08  12.0   0.0   2.3   6.7  22.9   23:40   ESE
04   5.5   7.0   15:52   3.5   00:32  10.0   0.0   7.2   5.9  25.8   00:28     E
05   4.9   7.6   14:11   2.0   22:44  10.6   0.0   0.8   4.1  18.2   05:53   SSE
06   4.3   8.2   12:17   1.7   02:02  11.2   0.0   0.0   5.3  14.3   14:36   NNW
07   4.8   8.9   13:30   1.0   06:55  10.7   0.0   0.5   9.3  21.0   22:02   WSW
08   6.6  11.0   14:55   3.2   05:18   8.9   0.0   2.6  16.1  46.8   15:07   WSW
09   6.7  10.9   13:50   3.3   23:29   8.8   0.0   1.5  13.0  39.2   08:55   WNW
10   6.3   9.8   15:20   2.4   03:52   9.2   0.0   0.0   4.2  12.4   00:29   WSW
11   9.0  11.0   15:04   8.1   05:25   6.5   0.0   0.3   5.3  18.2   10:35    SW
12   8.7  12.6   14:32   4.7   23:55   6.8   0.0   0.3   9.0  23.9   12:50   WSW
13   7.7  12.0   14:01   3.4   03:08   7.8   0.0   0.0  15.3  29.6   08:23     W
14   9.5  12.7   13:16   5.1   21:55   6.0   0.0   0.3  22.1  50.7   14:50     W
15   7.3  12.2   15:39   3.0   06:21   8.1   0.0   0.0  12.5  34.4   12:01   WSW
16   7.5  12.0   11:17   3.1   22:55   8.0   0.0   0.8  21.0  41.1   13:07   WSW
17   6.2   9.1   22:52   2.3   01:10   9.3   0.0   1.8  18.7  37.3   16:56   WSW
18   6.2   9.0   17:26   4.3   04:54   9.3   0.0   5.2   5.1  19.1   00:38   NNW
19   9.0  12.5   14:50   4.0   22:06   6.5   0.0   2.3  16.1  35.4   15:40   WSW
20   5.9   9.7   15:05   2.5   23:00   9.6   0.0   2.3  17.4  42.1   08:16   WSW
21   3.2   7.5   14:35  -0.2   23:14  12.2   0.0   0.0  18.4  46.8   10:46     W
22   3.4   5.6   21:47  -0.5   02:39  12.1   0.0   6.2  12.8  32.5   20:52   ENE
23   5.4   6.7   12:50   4.1   04:46   9.9   0.0   2.8  10.6  29.6   00:31   ENE
24   5.6  10.5   17:15   0.9   05:45   9.9   0.0   0.0   4.4  13.4   09:14   WSW
25   7.3  14.7   12:45   2.0   03:34   8.2   0.0   0.0   7.4  18.2   06:41   WNW
26   6.1  11.2   11:51   0.8   06:32   9.0   0.0   0.0   4.4  13.4   15:32    SE
27   5.7  10.0   12:01   1.8   06:46   9.8   0.0   0.0   5.7  16.2   14:55    SE
28   5.9   6.9   14:46   5.0   23:22   9.6   0.0   0.0   4.1  13.4   15:14    SE
29   8.9  12.0   18:28   4.2   00:55   6.6   0.0   0.8   6.6  23.9   21:49    SW
30  11.3  13.3   13:32  10.3   02:45   4.2   0.0   3.6   9.8  26.8   16:44    SW
31  11.2  13.8   11:09   8.6   23:15   4.3   0.0   0.5  15.2  44.9   14:06    SW
----------------------------------------------------------------------------------
     6.4  14.7    25    -1.2     2   281.2   0.0  42.4  10.7  50.7    14     WSW

Max >=  20.0  0
Max <=  10.0 16
Min <=   5.0 27
Min <=  -5.0  0
Max Rain: 7.2 on day 4
Days of Rain: 20 (>= 0.2 mm)  9 (>= 2.0 mm)  0 (>= 20.0 mm)
Heat Base: 15.5  Cool Base: 15.5  Method: Integration

Print This Page


::Copyright © J. Cranston::
2000 - 2017