Letham Shank Farm - Crops, Machinery and Livestock

 

   Letham Shank Weather Station
     Latitude  N 55° 46' 36"     Longitude  W 02° 02' 10"
     Elevation  54 m  
  
     Berwick-upon-Tweed, Northumberland TD15 1UX

| Current | Graphs | September | 2018 | Historic Data | Wind Maps | Converters | Forecast |

                   Monthly Climatological Summary for Mar 2018

Name: Letham Shank Farm   City: Berwick-upon-Tweed   State: Northumberland
Elevation: 54 m  Lat: N 55 46 36   Lon: W 002 02 10

                  Temperature (C), Rain (mm), Wind Speed (kts)

                                      Heat  Cool        Avg
    Mean                              Deg   Deg         Wind                 Dom
Day Temp  High   Time   Low    Time   Days  Days  Rain  Speed High   Time    Dir
----------------------------------------------------------------------------------
01  -1.1   0.3   23:56  -3.3   00:16  16.6   0.0   0.0  20.9  43.0   21:20     E
02   0.5   1.2   23:53  -0.3   00:37  15.0   0.0   0.0  18.7  38.2   00:56     E
03   0.7   1.2   02:38   0.2   06:16  14.8   0.0   0.0  13.3  27.7   00:12   ESE
04   2.2   3.7   21:06   0.9   00:18  13.3   0.0   4.6  10.0  21.0   11:06   ESE
05   3.4   4.1   18:40   1.4   08:23  12.1   0.0  15.5   8.9  21.0   20:21   ESE
06   3.5   5.1   15:33   1.2   23:55  12.0   0.0  19.4  11.0  31.5   07:02   ESE
07   3.4   7.2   12:50   0.4   02:43  12.1   0.0   0.3   6.4  20.1   14:27    SW
08   3.3   7.2   14:54  -0.3   06:40  12.2   0.0   0.0   5.1  17.2   23:59   WSW
09   3.4   8.0   14:11  -0.2   05:22  12.1   0.0   0.3  10.6  29.6   09:57   WSW
10   4.5   5.1   23:56   3.6   07:04  11.0   0.0  18.1   9.1  27.7   08:01     E
11   5.9   8.6   13:46   4.0   23:59   9.6   0.0   0.0   5.4  19.1   00:18   WNW
12   4.5   5.5   13:59   3.8   23:43  11.0   0.0   0.5   5.6  12.4   00:51   NNE
13   4.6   7.0   11:42   3.1   06:49  10.9   0.0   0.3   4.5  13.4   03:05   NNE
14   4.7   6.8   10:44   1.6   04:11  10.7   0.0   0.0  10.1  34.4   23:36    SE
15   4.7   5.6   00:00   4.0   22:16  10.8   0.0   7.5  18.2  44.0   02:24    SE
16   3.2   4.2   00:00   2.0   23:50  12.3   0.0  20.4  20.5  41.1   11:57   ESE
17   0.1   2.1   00:00  -1.9   23:59  15.5   0.0   0.0  18.1  39.2   23:47     E
18   0.3   1.8   23:19  -1.9   00:00  15.2   0.0   0.0  16.2  35.4   01:29     E
19   2.8   4.6   10:10   1.0   21:27  12.7   0.0   0.0  13.2  24.9   00:14    NE
20   3.8   9.2   13:31  -0.3   23:50  11.7   0.0   0.0   9.2  22.0   00:22   NNW
21   4.7   9.1   23:07  -0.7   01:00  10.7   0.0   0.8  16.1  39.2   14:47   WSW
22   7.6   9.8   13:05   5.5   22:26   7.9   0.0   1.3  17.7  36.3   11:48   WSW
23   6.9  10.0   15:23   4.2   23:25   8.6   0.0   4.6  15.1  40.1   14:39    SW
24   5.0   9.5   11:40   2.1   05:56  10.5   0.0   0.0   5.4  11.5   23:29   WNW
25   5.4  11.5   15:39   0.8   07:03   9.6   0.0   0.0  10.2  23.9   10:52   WNW
26   4.0   9.2   13:44   0.1   06:27  11.5   0.0   0.0   7.2  17.2   12:51     W
27   5.7   9.2   16:52   3.5   01:11   9.8   0.0   8.0   8.9  23.9   17:50   SSW
28   4.7   9.1   13:44   1.4   23:40  10.8   0.0   0.0   9.7  20.1   00:09   WNW
29   3.2   7.2   13:51  -0.8   07:00  12.3   0.0   0.3   7.0  15.3   15:51   ENE
30   3.8   5.5   11:39   2.5   09:08  11.7   0.0  18.1  10.0  25.8   08:24     E
31   3.5   4.5   13:50   1.3   09:49  12.0   0.0   4.9  14.1  29.6   10:24    NE
----------------------------------------------------------------------------------
     3.6  11.5    25    -3.3     1   367.0   0.0 124.9  11.5  44.0    15     ESE

Max >=  20.0  0
Max <=  10.0 30
Min <=   5.0 30
Min <=  -5.0  0
Max Rain: 20.4 on day 16
Days of Rain: 17 (>= 0.2 mm)  10 (>= 2.0 mm)  1 (>= 20.0 mm)
Heat Base: 15.5  Cool Base: 15.5  Method: Integration

Print This Page


::Copyright © J. Cranston::
2000 - 2018