Letham Shank Farm - Crops, Machinery and Livestock

 

   Letham Shank Weather Station
     Latitude  N 55° 46' 36"     Longitude  W 02° 02' 10"
     Elevation  54 m  
  
     Berwick-upon-Tweed, Northumberland TD15 1UX

| Current | Graphs | September | 2017 | Historic Data | Camera | Wind Maps | Converters | Forecast |

                   Monthly Climatological Summary for Apr 2017

Name: Letham Shank Farm   City: Berwick-upon-Tweed   State: Northumberland
Elevation: 54 m  Lat: N 55 46 36   Lon: W 002 02 10

                  Temperature (C), Rain (mm), Wind Speed (kts)

                                      Heat  Cool        Avg
    Mean                              Deg   Deg         Wind                 Dom
Day Temp  High   Time   Low    Time   Days  Days  Rain  Speed High   Time    Dir
----------------------------------------------------------------------------------
01   9.1  12.6   16:28   7.5   04:43   6.4   0.0   5.7   6.6  20.1   00:21     W
02   8.7  13.5   16:53   4.5   23:49   6.8   0.0   1.8   7.9  20.1   16:52   WSW
03   8.1  13.0   12:58   2.6   03:57   7.4   0.0   0.0  11.5  28.7   11:37    SW
04   9.2  13.0   15:31   6.6   22:35   6.3   0.0   0.0  14.7  31.5   17:33     W
05   8.7  12.6   12:40   5.3   23:26   6.8   0.0   0.0  13.7  34.4   00:46   WNW
06   8.1  14.6   15:13   2.2   06:24   7.4   0.0   0.0  13.5  34.4   17:03     W
07   7.8  11.6   11:18   4.2   06:07   7.7   0.0   0.0   9.9  20.1   09:49     W
08   8.3  14.6   14:53   2.1   05:26   7.1   0.0   0.0   6.5  17.2   14:20   WSW
09  10.1  16.0   13:16   4.6   23:58   5.4   0.0   0.0  12.5  33.5   14:24     W
10   8.2  13.2   14:03   3.9   04:31   7.3   0.0   0.0  12.0  27.7   16:25   WNW
11   8.3  10.4   18:19   4.6   01:10   7.2   0.0   0.0  19.6  45.9   18:30     W
12   9.3  13.6   14:34   4.2   23:45   6.2   0.0   0.0  18.0  37.3   17:01     W
13   7.3  12.9   13:18   2.6   05:42   8.2   0.0   0.0  12.6  28.7   17:02     W
14   7.2  11.1   13:41   4.2   22:56   8.3   0.0   0.5  10.5  23.9   19:02     W
15   6.7  12.0   14:46   2.9   05:32   8.8   0.0   0.0  15.6  34.4   09:42     W
16   5.1   8.8   10:47   2.0   06:02  10.4   0.0   2.3   6.9  17.2   01:33   WNW
17   5.5   9.2   17:35   2.0   06:26  10.0   0.0   0.0   8.8  31.5   18:40   NNE
18   5.1   8.4   13:13   0.3   05:56  10.4   0.0   0.0   6.7  19.1   00:00   ENE
19   8.1  12.6   14:21   3.6   03:42   7.4   0.0   0.0  10.7  24.9   10:05   WSW
20  12.0  16.6   12:55   9.1   05:51   3.5   0.1   0.0  12.9  30.6   18:07     W
21   9.2  13.5   13:27   5.7   23:56   6.3   0.0   1.5  11.3  36.3   12:34     W
22   6.3  10.2   15:04   2.4   06:20   9.2   0.0   0.0   5.8  22.9   10:30   NNW
23   7.9  14.5   14:48   2.8   06:09   7.6   0.0   0.0   8.9  30.6   18:12     W
24   5.8  10.2   13:37   1.3   17:57   9.7   0.0   3.4  15.6  44.0   17:30    NW
25   3.5   7.8   12:39   0.4   02:02  12.0   0.0   8.5  19.5  38.2   16:07   NNW
26   5.2   8.8   12:40   1.9   05:33  10.3   0.0   0.0  11.7  27.7   01:46     N
27   7.1  13.4   12:39   3.7   02:12   8.4   0.0   0.5  10.8  26.8   12:26   NNW
28   6.7  10.6   09:53   2.6   05:09   8.8   0.0   0.0   8.2  18.2   09:07   NNE
29   7.2  11.2   12:44   3.4   05:50   8.3   0.0   0.0   6.3  24.9   15:07   SSE
30   8.1   9.8   12:47   6.8   05:14   7.4   0.0   0.0  11.0  26.8   12:10   ESE
----------------------------------------------------------------------------------
     7.6  16.6    20     0.3    18   237.0   0.1  24.2  11.3  45.9    11     WNW

Max >=  20.0  0
Max <=  10.0  6
Min <=   5.0 24
Min <=  -5.0  0
Max Rain: 8.5 on day 25
Days of Rain: 8 (>= 0.2 mm)  4 (>= 2.0 mm)  0 (>= 20.0 mm)
Heat Base: 15.5  Cool Base: 15.5  Method: Integration

Print This Page


::Copyright © J. Cranston::
2000 - 2017