Letham Shank Farm - Crops, Machinery and Livestock

 

   Letham Shank Weather Station
     Latitude  N 55° 46' 36"     Longitude  W 02° 02' 10"
     Elevation  54 m  
  
     Berwick-upon-Tweed, Northumberland TD15 1UX

| Current | Graphs | April | 2018 | Historic Data | Camera | Wind Maps | Converters | Forecast |

                   Monthly Climatological Summary for Apr 2018

Name: Letham Shank Farm   City: Berwick-upon-Tweed   State: Northumberland
Elevation: 54 m  Lat: N 55 46 36   Lon: W 002 02 10

                  Temperature (C), Rain (mm), Wind Speed (kts)

                                      Heat  Cool        Avg
    Mean                              Deg   Deg         Wind                 Dom
Day Temp  High   Time   Low    Time   Days  Days  Rain  Speed High   Time    Dir
----------------------------------------------------------------------------------
01   3.4   6.5   12:57   1.6   22:55  12.1   0.0   1.0   6.9  21.0   01:40   ENE
02   2.3   3.5   09:05   1.0   02:43  13.2   0.0  13.7  11.1  28.7   14:09     E
03   3.8   5.0   12:21   2.7   00:00  11.7   0.0  10.1   7.9  22.0   00:00    NE
04   3.3   5.1   08:56   1.3   19:44  12.2   0.0  29.7  15.3  41.1   17:52   NNE
05   4.2   9.5   15:47  -1.3   06:23  11.3   0.0   0.0  11.2  31.5   13:39     W
06   6.1   9.1   16:49   3.8   00:00   9.4   0.0   0.0   8.5  26.8   17:39    SE
07   7.6  10.0   12:29   5.7   06:41   7.9   0.0   6.2   4.7  18.2   08:01    SW
08   7.9  11.6   12:59   4.4   06:59   7.6   0.0   0.5   5.2  13.4   09:56     W
09   6.4  10.8   11:11   4.2   23:59   9.1   0.0   0.0   8.4  19.1   15:06    SE
10   5.4   5.9   04:58   4.2   00:06  10.1   0.0  16.8  11.6  26.8   12:31   ENE
11   5.5   6.2   13:57   5.0   19:14  10.0   0.0   0.5   8.8  17.2   23:53     E
12   5.5   6.5   09:30   5.1   03:59   9.8   0.0   3.1  10.6  19.1   04:46   ENE
13   6.0   6.6   21:43   5.3   00:00   9.5   0.0   2.3   6.9  20.1   02:08    NE
14   9.4  13.8   16:27   5.9   00:46   6.1   0.0   0.3   6.4  19.1   15:06   WSW
15   7.5   9.3   12:59   5.7   04:26   8.0   0.0   0.0   6.8  20.1   18:18   ESE
16   9.7  13.3   12:40   6.5   06:28   5.8   0.0   0.3  10.2  30.6   14:28    SW
17  11.6  14.8   17:34   8.5   05:34   3.9   0.0   0.5  17.1  39.2   17:01   SSW
18  12.9  18.0   17:13   9.0   05:32   2.8   0.3   0.0   9.4  34.4   13:29   SSW
19  15.0  20.7   15:18   9.7   23:57   1.7   1.2   0.0  10.5  25.8   13:54   WSW
----------------------------------------------------------------------------------
     7.0  20.7    19    -1.3     5   162.2   1.5  85.0   9.3  41.1     4      SE

Max >=  20.0  1
Max <=  10.0 12
Min <=   5.0 10
Min <=  -5.0  0
Max Rain: 29.7 on day 4
Days of Rain: 13 (>= 0.2 mm)  7 (>= 2.0 mm)  1 (>= 20.0 mm)
Heat Base: 15.5  Cool Base: 15.5  Method: Integration

Print This Page


::Copyright © J. Cranston::
2000 - 2018