Letham Shank Farm - Crops, Machinery and Livestock

 

   Letham Shank Weather Station
     Latitude  N 55° 46' 36"     Longitude  W 02° 02' 10"
     Elevation  54 m  
  
     Berwick-upon-Tweed, Northumberland TD15 1UX

| Current | Graphs | January | 2019 | Historic Data | Wind Maps | Converters | Forecast | Tides |

                   Monthly Climatological Summary for May 2018

Name: Letham Shank Farm   City: Berwick-upon-Tweed   State: Northumberland
Elevation: 54 m  Lat: N 55 46 36   Lon: W 002 02 10

                  Temperature (C), Rain (mm), Wind Speed (kts)

                                      Heat  Cool        Avg
    Mean                              Deg   Deg         Wind                 Dom
Day Temp  High   Time   Low    Time   Days  Days  Rain  Speed High   Time    Dir
----------------------------------------------------------------------------------
01   6.8  12.7   12:38   0.0   05:31   8.7   0.0   0.3  15.0  36.3   16:33   WSW
02   7.8  11.1   18:12   3.8   23:58   7.7   0.0   6.7  11.9  29.6   18:29   WSW
03   8.0  13.2   14:22   2.8   02:40   7.5   0.0   0.0  14.4  33.5   14:39   WSW
04  11.7  15.5   15:34   8.6   02:00   3.8   0.0   0.0  13.5  31.5   18:02   WSW
05  13.2  19.1   16:38   9.2   00:00   2.9   0.5   0.0  13.5  27.7   18:02   WSW
06  13.5  22.1   17:11   8.4   03:39   2.9   0.9   0.0   8.7  22.9   17:45   WSW
07  13.9  20.3   17:39   9.5   04:02   2.1   0.5   0.0   5.4  15.3   13:08   WSW
08  13.0  17.7   10:32   8.1   22:29   2.8   0.3   1.3  11.2  30.6   13:04   WSW
09   9.8  14.1   11:05   6.3   03:51   5.6   0.0   3.9  11.5  30.6   15:18    SW
10   9.9  14.4   14:21   5.5   06:16   5.6   0.0   0.3   9.9  25.8   11:02   WSW
11   9.5  13.1   15:32   3.8   02:02   6.0   0.0   0.0   8.9  30.6   10:41   SSE
12   9.8  12.6   10:35   7.5   07:20   5.7   0.0   0.3   5.8  19.1   03:22    NE
13  10.6  13.8   13:18   7.0   23:58   4.9   0.0  13.9   4.3  14.3   15:05   NNW
14  10.3  15.5   10:31   5.1   03:29   5.2   0.0   0.0   6.6  18.2   14:14   NNW
15  11.7  16.1   12:26   6.1   04:32   3.8   0.0   2.1   6.1  21.0   23:21   WNW
16   9.0  11.1   14:00   3.4   23:20   6.5   0.0   0.3   9.6  27.7   10:13    NE
17   7.7  11.8   10:38   2.6   05:21   7.8   0.0   0.0   5.9  15.3   10:16   NNE
18   9.0  14.2   10:56   2.4   03:50   6.5   0.0   0.0   5.6  14.3   14:22   SSE
19  12.5  18.8   15:47   6.8   05:00   3.4   0.4   0.0   7.9  22.9   15:44    SW
20  13.7  19.3   13:04   7.8   04:03   2.6   0.7   0.0   8.3  22.0   10:50    SW
21  11.7  17.3   10:49   7.0   05:09   3.9   0.1   0.0   5.5  34.4   22:58   ENE
22   8.5   9.7   12:06   7.7   03:47   7.0   0.0   1.0  14.4  33.5   00:22   NNE
23   8.7  10.6   14:05   7.7   04:52   6.8   0.0   0.3   5.0  12.4   00:10   ENE
24   8.7  10.4   16:37   7.2   04:22   6.8   0.0   0.0   5.3  12.4   13:41   ESE
25  10.8  15.3   11:52   7.7   04:45   4.7   0.0   0.3  12.9  28.7   10:15   NNE
26  10.6  13.6   13:45   8.7   23:13   4.9   0.0   0.0  19.1  29.6   05:10   NNE
27  11.6  15.1   14:53   8.7   04:48   3.9   0.0   0.3  12.4  24.9   00:03   NNE
28  13.4  19.5   14:34  10.0   00:50   2.6   0.5   0.0   4.0  12.4   00:09   ENE
29  12.0  15.3   16:40  10.0   01:42   3.5   0.0   0.3  10.6  22.9   14:11   NNE
30  11.1  12.1   16:45   9.7   08:04   4.4   0.0   0.0  12.2  27.7   11:46   NNE
31  13.1  17.8   12:49  10.5   23:29   2.6   0.2   0.5   3.6  11.5   15:27     E
----------------------------------------------------------------------------------
    10.7  22.1     6     0.0     1   153.1   4.1  31.8   9.3  36.3     1      NW

Max >=  20.0  2
Max <=  10.0  1
Min <=   5.0  7
Min <=  -5.0  0
Max Rain: 13.9 on day 13
Days of Rain: 15 (>= 0.2 mm)  4 (>= 2.0 mm)  0 (>= 20.0 mm)
Heat Base: 15.5  Cool Base: 15.5  Method: Integration

Print This Page


::Copyright © J. Cranston::
2000 - 2019