Letham Shank Farm - Crops, Machinery and Livestock

 

   Letham Shank Weather Station
     Latitude  N 55° 46' 36"     Longitude  W 02° 02' 10"
     Elevation  54 m  
  
     Berwick-upon-Tweed, Northumberland TD15 1UX

| Current | Graphs | November | 2018 | Historic Data | Wind Maps | Converters | Forecast |

                   Monthly Climatological Summary for Jun 2018

Name: Letham Shank Farm   City: Berwick-upon-Tweed   State: Northumberland
Elevation: 54 m  Lat: N 55 46 36   Lon: W 002 02 10

                  Temperature (C), Rain (mm), Wind Speed (kts)

                                      Heat  Cool        Avg
    Mean                              Deg   Deg         Wind                 Dom
Day Temp  High   Time   Low    Time   Days  Days  Rain  Speed High   Time    Dir
----------------------------------------------------------------------------------
01  15.1  20.8   16:17   9.5   05:13   1.7   1.3   0.0   3.9  13.4   16:20     E
02  15.1  18.0   13:57  11.5   04:27   0.9   0.5   0.3   3.7  10.5   10:40     E
03  13.6  15.0   17:58  11.8   22:38   1.9   0.0   2.3   4.0  15.3   19:43   NNE
04  10.9  12.0   00:00   9.9   22:18   4.6   0.0   0.3   6.4  15.3   15:34    NE
05  11.0  13.7   15:07   9.0   05:01   4.5   0.0   0.5  10.7  22.9   09:52   NNE
06  11.2  14.5   16:13   9.1   22:37   4.3   0.0   0.0  10.0  23.9   01:39   NNE
07  11.6  14.9   15:01   9.1   03:34   3.8   0.0   0.0   6.8  16.2   12:28   NNE
08  11.5  14.3   15:54   9.8   00:37   4.0   0.0   0.0   5.6  14.3   07:23    NE
09  11.9  14.6   17:10   9.7   23:59   3.6   0.0   0.0   4.0  12.4   16:09   ENE
10  12.0  16.5   17:12   6.5   04:52   3.5   0.0   0.0   4.1  11.5   13:08     E
11  12.1  13.3   10:21  11.0   23:46   3.4   0.0   1.5   4.7  14.3   14:30    NE
12  12.3  16.2   17:15   7.1   04:25   3.2   0.0   0.0   5.9  15.3   22:42    NE
13  13.8  17.3   12:43  11.2   04:47   1.8   0.1   0.0  11.4  31.5   23:51    SW
14  14.2  17.0   14:35   7.7   23:41   1.4   0.1   0.0  25.8  57.4   10:31   WSW
15  11.5  16.1   15:05   6.6   01:45   4.0   0.0   0.0   8.8  28.7   14:14   WSW
16  11.5  14.7   10:43   7.6   04:37   4.0   0.0   1.3   3.1  19.1   10:52   SSW
17  12.2  17.7   14:52   5.8   04:31   3.5   0.2   0.3   8.9  26.8   16:21   WSW
18  13.2  18.6   15:04   9.1   23:58   2.6   0.3   0.0  16.7  44.0   14:30   WSW
19  11.1  15.3   15:34   6.2   03:27   4.4   0.0   2.8   8.4  26.8   11:39   WSW
20  11.6  16.0   08:24   8.2   22:47   3.9   0.0  18.8   7.3  32.5   08:28   WNW
21  11.9  18.2   16:53   6.4   02:05   3.9   0.3   0.0  12.4  30.6   12:23    NW
22  13.5  20.1   17:45   6.1   04:24   3.1   1.1   0.0   7.8  21.0   15:07    NW
23  13.1  20.1   17:15   7.3   03:43   3.1   0.8   0.0   4.4  18.2   16:04     W
24  14.6  20.9   11:53   8.7   05:03   2.5   1.6   0.0   2.4  13.4   10:16     E
25  15.2  24.8   12:13   8.5   05:19   2.2   1.9   0.0   4.3  21.0   13:43   NNE
26  12.3  15.8   15:52   9.7   05:12   3.2   0.0   0.0   0.9  12.4   17:00     E
27  13.6  17.3   17:03  10.6   05:05   2.1   0.2   0.0   0.8  10.5   17:14     E
28  16.7  23.1   09:34   7.8   04:16   1.9   3.1   0.0   0.2   8.6   19:47     E
29  13.7  15.8   13:36  11.3   05:24   1.8   0.0   0.0   0.8  13.4   06:05    NE
30  14.2  19.3   10:23   7.1   05:24   2.1   0.8   0.0   1.4  18.2   17:15   ESE
----------------------------------------------------------------------------------
    12.9  24.8    25     5.8    17    90.9  12.3  28.1   6.5  57.4    14     WNW

Max >=  20.0  6
Max <=  10.0  0
Min <=   5.0  0
Min <=  -5.0  0
Max Rain: 18.8 on day 20
Days of Rain: 9 (>= 0.2 mm)  3 (>= 2.0 mm)  0 (>= 20.0 mm)
Heat Base: 15.5  Cool Base: 15.5  Method: Integration

Print This Page


::Copyright © J. Cranston::
2000 - 2018