Letham Shank Farm - Crops, Machinery and Livestock

 

   Letham Shank Weather Station
     Latitude  N 55° 46' 36"     Longitude  W 02° 02' 10"
     Elevation  54 m  
  
     Berwick-upon-Tweed, Northumberland TD15 1UX

| Current | Graphs | November | 2018 | Historic Data | Wind Maps | Converters | Forecast |

                   Monthly Climatological Summary for Jul 2018

Name: Letham Shank Farm   City: Berwick-upon-Tweed   State: Northumberland
Elevation: 54 m  Lat: N 55 46 36   Lon: W 002 02 10

                  Temperature (C), Rain (mm), Wind Speed (kts)

                                      Heat  Cool        Avg
    Mean                              Deg   Deg         Wind                 Dom
Day Temp  High   Time   Low    Time   Days  Days  Rain  Speed High   Time    Dir
----------------------------------------------------------------------------------
01  15.7  20.7   13:32  10.6   03:59   1.3   1.6   0.0   2.6  17.2   14:31   ESE
02  13.6  16.5   13:03  11.3   02:07   2.0   0.1   0.0   4.5  22.9   06:06    NE
03  15.3  19.2   14:54  11.2   23:58   1.4   1.3   0.0   0.4   8.6   13:17   ENE
04  15.4  20.2   10:07   8.7   03:43   1.7   1.6   0.0   1.5  16.2   15:34   ESE
05  16.2  23.4   10:11  12.1   04:44   0.8   1.5   0.0   3.2  18.2   11:08   ENE
06  16.1  20.3   14:58  13.0   23:59   0.8   1.5   0.0   0.4  11.5   12:46    NE
07  16.1  20.5   10:30  10.0   05:10   1.4   2.0   0.0   0.8  14.3   11:57    NE
08  19.3  27.3   16:27  13.2   02:50   0.5   4.2   0.0   4.9  26.8   20:21   WNW
09  14.2  16.9   14:34  12.2   22:17   1.4   0.2   0.0   0.5  15.3   00:03    NE
10  15.1  20.3   16:41  11.0   23:14   1.5   1.1   0.0   0.3  10.5   02:45   NNE
11  14.9  19.2   12:40  11.3   00:00   1.6   1.0   0.0   0.1   7.6   12:23   ENE
12  15.5  20.0   11:54  13.2   23:23   0.8   0.8   0.3   0.2   9.6   12:27    NE
13  16.6  20.4   14:09  12.9   05:48   0.6   1.7   0.3   0.7  12.4   13:43   ESE
14  18.3  25.2   14:47  12.5   05:56   0.7   3.5   0.3   8.4  27.7   18:00   WSW
15  18.3  25.7   15:57  12.8   03:34   0.6   3.5   0.0   7.2  28.7   17:59   WSW
16  17.1  20.3   17:38  14.6   01:10   0.1   1.7   2.6   0.6  13.4   10:20   WSW
17  15.0  19.5   13:45  11.2   23:59   1.2   0.7   5.9   0.4  14.3   14:16     W
18  14.4  20.3   12:13   9.8   02:47   1.8   0.7   0.0   0.6  12.4   09:00   WSW
19  16.3  21.9   11:34  11.2   01:35   1.3   2.0   0.0   0.5  12.4   13:56   ENE
20  13.8  17.0   20:13   9.9   03:52   1.9   0.2   4.4   1.7  17.2   15:40   WSW
21  16.9  22.0   11:32  13.2   01:50   0.6   2.0   0.0   0.9  18.2   22:51     W
22  19.8  27.3   14:51  13.1   04:05   0.4   4.7   0.0   9.1  30.6   14:59   WSW
23  20.7  26.8   14:04  16.0   05:19   0.0   5.2   0.0   8.0  28.7   11:50    SW
24  17.3  22.1   11:44  11.9   23:59   0.2   2.0   0.0   0.5  13.4   01:05   NNE
25  15.8  23.9   12:08   9.1   04:21   1.8   2.1   0.0   1.4  15.3   14:23   ESE
26  17.3  22.6   15:13   8.5   05:23   1.4   3.2   0.0   2.1  22.0   14:43   ESE
27  19.2  25.2   13:25  15.2   06:01   0.0   3.7   9.5   1.2  19.1   21:58   ESE
28  16.2  20.4   14:16  10.5   23:33   0.7   1.4   1.3   9.1  36.3   14:33   SSW
29  13.8  17.7   17:41   9.7   03:07   2.0   0.3   4.9   5.1  30.6   12:27     S
30  14.9  21.2   12:48   9.6   03:09   1.8   1.3  15.0   2.7  18.2   09:53    SW
31  15.4  21.7   15:48  10.3   03:52   1.6   1.4   0.0  10.1  35.4   14:41    SW
----------------------------------------------------------------------------------
    16.3  27.3     8     8.5    26    33.9  58.2  44.5   2.9  36.3    28      SW

Max >=  20.0 24
Max <=  10.0  0
Min <=   5.0  0
Min <=  -5.0  0
Max Rain: 15.0 on day 30
Days of Rain: 10 (>= 0.2 mm)  6 (>= 2.0 mm)  0 (>= 20.0 mm)
Heat Base: 15.5  Cool Base: 15.5  Method: Integration

Print This Page


::Copyright © J. Cranston::
2000 - 2018