Letham Shank Farm - Crops, Machinery and Livestock

 

   Letham Shank Weather Station
     Latitude  N 55° 46' 36"     Longitude  W 02° 02' 10"
     Elevation  54 m  
  
     Berwick-upon-Tweed, Northumberland TD15 1UX

| Current | Graphs | October | 2017 | Historic Data | Camera | Wind Maps | Converters | Forecast |

                   Monthly Climatological Summary for Aug 2017

Name: Letham Shank Farm   City: Berwick-upon-Tweed   State: Northumberland
Elevation: 54 m  Lat: N 55 46 36   Lon: W 002 02 10

                  Temperature (C), Rain (mm), Wind Speed (kts)

                                      Heat  Cool        Avg
    Mean                              Deg   Deg         Wind                 Dom
Day Temp  High   Time   Low    Time   Days  Days  Rain  Speed High   Time    Dir
----------------------------------------------------------------------------------
01  14.3  19.6   15:00  11.3   23:58   1.8   0.6   3.1  10.4  30.6   13:23   WSW
02  13.2  16.9   11:40   9.3   04:51   2.4   0.1   1.0   7.0  23.9   15:51   SSE
03  15.2  20.6   17:05  11.3   03:06   1.3   1.0   8.0  10.6  31.5   17:19   WSW
04  14.2  17.0   11:35  11.6   01:42   1.5   0.2   2.1  12.2  28.7   08:42     W
05  13.0  17.3   13:01   9.6   23:58   2.6   0.2   2.1   6.0  19.1   17:21     W
06  11.7  16.9   12:23   6.5   05:27   3.9   0.1   3.6   8.4  26.8   13:16   WSW
07  13.4  18.7   13:49   9.3   05:51   2.6   0.4   8.5   9.7  25.8   14:00   WSW
08  12.5  16.1   13:05   9.1   06:12   3.0   0.0   0.0   7.4  18.2   23:26     N
09  14.0  17.6   13:04   9.4   22:39   1.8   0.3   0.0  11.4  28.7   08:33     N
10  13.1  19.6   13:48   7.1   05:59   3.0   0.6   0.0   9.3  26.8   19:14   WSW
11  14.4  19.2   16:41  10.4   00:57   1.8   0.7   1.5  14.8  34.4   12:47   WSW
12  12.9  16.5   14:44  11.0   04:26   2.6   0.0   4.1   7.5  20.1   00:05    NW
13  12.6  17.4   11:56   7.8   06:24   3.1   0.1   0.0   6.5  24.9   11:19     W
14  14.6  19.0   15:05  11.4   00:00   1.6   0.7   2.6   7.3  23.9   15:30     S
15  14.9  19.4   13:45  11.0   23:58   1.3   0.7  12.4  10.4  26.8   16:10   WSW
16  14.5  19.5   12:25   8.8   06:41   2.0   1.1   2.6  10.0  28.7   14:52   SSW
17  16.8  21.3   16:04  13.1   06:43   0.5   1.8   0.0  12.9  30.6   13:29    SW
18  13.3  16.7   13:47  11.3   07:52   2.3   0.0  16.3  14.2  36.3   14:05   WSW
19  13.8  16.9   12:19   9.8   06:25   1.9   0.2   0.0  18.3  42.1   17:00     W
20  13.7  18.0   12:43  10.0   06:37   2.2   0.4   0.0   7.3  17.2   00:34     W
21  12.5  16.3   11:28   6.0   06:53   3.1   0.1   0.0   5.7  16.2   14:41   ESE
22  14.9  18.6   15:31  12.9   06:13   1.1   0.5   0.0   5.9  16.2   14:19     E
23  15.6  19.7   16:32  12.3   23:58   0.8   0.9   1.0   9.1  24.9   19:19   SSW
24  14.7  19.4   16:25  10.1   06:24   1.8   1.0   0.0  12.2  24.9   21:07   WSW
25  15.2  18.0   14:15  12.6   23:58   1.0   0.6   0.0   9.9  22.0   10:16    SW
26  14.5  19.1   16:32  10.8   23:56   1.6   0.7   5.7   7.9  20.1   13:38     W
27  14.0  19.1   16:42   7.9   05:31   2.4   0.9   0.0  10.5  26.8   16:32   WSW
28  17.0  20.3   13:07  13.7   23:56   0.2   1.7   0.0  16.8  38.2   10:44   WSW
29  11.9  14.7   15:24   7.7   06:29   3.6   0.0   0.0  10.4  27.7   22:54   WSW
30  11.7  17.4   14:01   7.6   05:13   3.8   0.1   0.0   8.9  22.9   11:31     W
31  11.7  16.7   12:22   7.6   06:56   3.9   0.0   0.0   6.4  12.4   02:44   WNW
----------------------------------------------------------------------------------
    13.9  21.3    17     6.0    21    66.5  15.7  74.6   9.8  42.1    19     WSW

Max >=  20.0  3
Max <=  10.0  0
Min <=   5.0  0
Min <=  -5.0  0
Max Rain: 16.3 on day 18
Days of Rain: 15 (>= 0.2 mm)  12 (>= 2.0 mm)  0 (>= 20.0 mm)
Heat Base: 15.5  Cool Base: 15.5  Method: Integration

Print This Page


::Copyright © J. Cranston::
2000 - 2017