Letham Shank Farm - Crops, Machinery and Livestock

 

   Letham Shank Weather Station
     Latitude  N 55° 46' 36"     Longitude  W 02° 02' 10"
     Elevation  54 m  
  
     Berwick-upon-Tweed, Northumberland TD15 1UX

| Current | Graphs | October | 2017 | Historic Data | Camera | Wind Maps | Converters | Forecast |

                   Monthly Climatological Summary for Oct 2017

Name: Letham Shank Farm   City: Berwick-upon-Tweed   State: Northumberland
Elevation: 54 m  Lat: N 55 46 36   Lon: W 002 02 10

                  Temperature (C), Rain (mm), Wind Speed (kts)

                                      Heat  Cool        Avg
    Mean                              Deg   Deg         Wind                 Dom
Day Temp  High   Time   Low    Time   Days  Days  Rain  Speed High   Time    Dir
----------------------------------------------------------------------------------
01  10.7  16.1   16:42   3.7   04:26   4.9   0.0   1.5  11.4  44.9   21:45    SW
02  12.2  15.2   13:26   9.7   23:56   3.3   0.0   0.3  26.8  53.5   05:17   WSW
03  10.5  13.7   13:21   8.7   06:52   5.0   0.0   0.0  17.8  35.4   15:06     W
04  10.4  11.8   13:19   9.2   23:58   5.1   0.0   7.7  15.7  35.4   02:38   WSW
05   9.7  13.7   15:18   6.3   05:35   5.8   0.0   6.2  14.0  31.5   12:34    NW
06   9.0  12.5   12:50   5.0   07:27   6.5   0.0   0.3   9.7  24.9   21:20     W
07  12.9  16.2   14:18  10.1   00:00   2.6   0.0   0.0  14.9  29.6   07:04     W
08  12.2  16.3   13:49   9.9   06:52   3.3   0.0   0.0   7.2  15.3   03:46     W
09  12.2  16.1   15:29  10.7   07:23   3.4   0.0   0.0  12.1  25.8   12:55   WSW
10  11.5  13.8   13:44   9.5   07:20   4.0   0.0   1.8  12.5  28.7   10:43   WSW
11  12.2  13.7   11:07   8.2   23:58   3.3   0.0   4.4  15.9  34.4   04:32   WSW
12  10.2  12.7   13:50   7.2   02:03   5.3   0.0   0.3  17.6  37.3   19:33   WSW
13  14.8  17.6   13:40  11.8   23:56   1.2   0.5   1.3  20.0  44.9   07:03   WSW
14  12.8  14.6   11:55  11.6   08:05   2.7   0.0   1.0   9.0  32.5   21:52   WSW
15  14.2  15.3   14:39  12.1   23:55   1.3   0.0   0.0  15.8  44.9   10:31    SW
16  12.1  14.2   19:15  11.0   04:27   3.4   0.0   1.8  10.8  45.9   21:00     S
17  12.0  14.7   15:12   9.7   23:56   3.5   0.0   1.8  25.6  65.0   05:50   WSW
18  10.3  12.3   13:44   8.9   02:42   5.2   0.0   0.8   7.0  19.1   20:49     E
19  11.1  13.0   14:43   9.6   08:20   4.4   0.0   6.2   5.3  20.1   16:08    SE
20  12.2  15.1   13:15  10.5   23:59   3.3   0.0   2.6   4.3  17.2   19:03   SSW
21  11.1  13.8   14:41   9.4   02:40   4.4   0.0   2.6   9.5  25.8   11:37   SSE
----------------------------------------------------------------------------------
    11.6  17.6    13     3.7     1    81.9   0.5  40.6  13.5  65.0    17     WSW

Max >=  20.0  0
Max <=  10.0  0
Min <=   5.0  2
Min <=  -5.0  0
Max Rain: 7.7 on day 4
Days of Rain: 16 (>= 0.2 mm)  6 (>= 2.0 mm)  0 (>= 20.0 mm)
Heat Base: 15.5  Cool Base: 15.5  Method: Integration

Print This Page


::Copyright © J. Cranston::
2000 - 2017