Letham Shank Farm - Crops, Machinery and Livestock

 

   Letham Shank Weather Station
     Latitude  N 55° 46' 36"     Longitude  W 02° 02' 10"
     Elevation  54 m  
  
     Berwick-upon-Tweed, Northumberland TD15 1UX

| Current | Graphs | December | 2018 | Historic Data | Wind Maps | Converters | Forecast |

                   Monthly Climatological Summary for Oct 2018

Name: Letham Shank Farm   City: Berwick-upon-Tweed   State: Northumberland
Elevation: 54 m  Lat: N 55 46 36   Lon: W 002 02 10

                  Temperature (C), Rain (mm), Wind Speed (kts)

                                      Heat  Cool        Avg
    Mean                              Deg   Deg         Wind                 Dom
Day Temp  High   Time   Low    Time   Days  Days  Rain  Speed High   Time    Dir
----------------------------------------------------------------------------------
01   7.3  11.1   11:25   2.4   06:19   8.2   0.0   3.8  10.1  34.4   21:47     W
02  10.5  14.1   14:46   6.1   23:58   5.0   0.0   0.0  17.9  38.2   15:50     W
03  10.3  16.2   15:13   3.9   02:58   5.2   0.0   0.0   8.9  29.6   16:34   WSW
04  12.7  17.4   14:54   9.2   23:56   3.0   0.2   3.8  15.0  40.1   13:39   WSW
05   8.5  12.8   14:25   4.9   23:39   7.0   0.0   1.0   5.3  16.2   13:26   WNW
06   7.1  12.9   14:55   2.8   23:58   8.4   0.0   0.0   7.9  17.2   11:04    NW
07   7.4  12.8   23:48   1.9   05:05   8.1   0.0   0.2  18.4  46.8   15:01    SW
08  13.4  15.3   13:27  12.4   03:15   2.1   0.0   0.2  21.9  40.1   23:12    SW
09  13.7  15.2   16:13  12.4   22:32   1.8   0.0   0.0  26.3  48.7   16:21    SW
10  12.9  18.9   13:49   9.9   07:35   2.7   0.2   0.0   8.5  26.8   01:04   SSE
11  12.8  17.1   14:31  10.0   23:59   2.8   0.1   0.5   9.9  26.8   13:23   SSE
12  12.4  17.6   17:00   7.1   03:27   3.4   0.3   1.7  15.4  43.0   07:49   SSW
13  13.1  17.6   19:36  11.2   05:13   2.5   0.1  22.6   9.2  37.3   22:43   SSW
14   8.7  14.1   00:00   4.3   23:40   6.8   0.0   0.0   6.3  27.7   00:27   WSW
15   5.9  12.7   14:53   1.5   04:02   9.6   0.0   0.2   4.9  13.4   05:46     W
16  10.7  14.9   12:36   4.9   01:07   4.8   0.0   0.0  11.0  34.4   15:51   SSW
17   9.1  13.9   13:25   3.5   23:49   6.4   0.0   0.2   9.3  22.9   13:37     W
18   5.8  12.4   13:39   1.8   06:40   9.7   0.0   0.0   5.6  13.4   07:27     W
19   6.8  13.1   12:51   1.4   07:10   8.7   0.0   0.2   8.8  30.6   14:24     W
20  11.4  15.8   14:27   6.2   00:31   4.1   0.0   0.0  12.7  32.5   15:18   WSW
21  11.6  15.1   11:28   4.3   23:55   3.9   0.0   0.0  15.7  30.6   05:38     W
22   8.0  12.6   13:50   3.3   06:10   7.5   0.0   0.0  19.4  53.5   21:14     W
23  12.4  15.6   14:35  10.5   07:31   3.2   0.0   0.0  28.2  48.7   05:47     W
24  11.2  14.3   14:26   9.2   22:48   4.3   0.0   0.0  20.6  39.2   14:37     W
25  10.9  14.8   12:58   8.1   21:37   4.6   0.0   0.5  16.0  32.5   01:58     W
26   5.7   8.2   00:00   3.7   23:13   9.8   0.0   1.0  15.9  43.0   16:24    NW
27   5.2   7.9   14:47   2.8   03:25  10.3   0.0   3.4  20.8  39.2   02:25     N
28   4.5   8.6   12:07  -0.1   22:48  11.5   0.0   4.1  10.8  33.5   00:46     N
29   2.7   7.4   13:45  -2.7   07:01  12.8   0.0   0.7   4.8  18.2   01:41     E
30   5.4   7.1   14:29   1.4   23:17  10.1   0.0   2.6   8.4  20.1   09:27    NE
31   5.1   9.1   14:16   0.4   05:28  10.4   0.0   0.5   7.7  23.9   12:11   SSW
----------------------------------------------------------------------------------
     9.1  18.9    10    -2.7    29   198.7   0.9  47.2  13.0  53.5    22     WSW

Max >=  20.0  0
Max <=  10.0  6
Min <=   5.0 19
Min <=  -5.0  0
Max Rain: 22.6 on day 13
Days of Rain: 18 (>= 0.2 mm)  6 (>= 2.0 mm)  1 (>= 20.0 mm)
Heat Base: 15.5  Cool Base: 15.5  Method: Integration

Print This Page


::Copyright © J. Cranston::
2000 - 2018