Letham Shank Farm - Crops, Machinery and Livestock

 

   Letham Shank Weather Station
     Latitude  N 55° 46' 36"     Longitude  W 02° 02' 10"
     Elevation  54 m  
  
     Berwick-upon-Tweed, Northumberland TD15 1UX

| Current | Graphs | November | 2017 | Historic Data | Camera | Wind Maps | Converters | Forecast |

                   Monthly Climatological Summary for Nov 2017

Name: Letham Shank Farm   City: Berwick-upon-Tweed   State: Northumberland
Elevation: 54 m  Lat: N 55 46 36   Lon: W 002 02 10

                  Temperature (C), Rain (mm), Wind Speed (kts)

                                      Heat  Cool        Avg
    Mean                              Deg   Deg         Wind                 Dom
Day Temp  High   Time   Low    Time   Days  Days  Rain  Speed High   Time    Dir
----------------------------------------------------------------------------------
01  10.8  12.3   00:00   7.7   23:51   4.7   0.0   0.5  15.8  34.4   00:06   WSW
02   7.5  10.5   15:04   3.9   23:58   8.0   0.0   0.3   8.3  22.0   03:40   NNW
03   6.1   8.6   12:25   2.7   01:21   9.4   0.0   0.0   7.1  18.2   14:50   WSW
04   6.2  10.2   13:03   1.9   23:54   9.3   0.0   0.0  10.8  23.9   15:05     W
05   3.6   8.5   12:41  -0.5   23:44  11.9   0.0   0.0  10.4  26.8   10:57    NW
06   5.0  10.2   22:13  -0.9   04:57  10.5   0.0   0.3  10.1  26.8   21:17    SW
07   7.6  10.3   04:46   2.9   23:59   7.9   0.0   0.0   9.2  28.7   01:22    SW
08   4.7  10.1   23:46   0.3   06:12  10.8   0.0   0.5  13.0  36.3   22:39   WSW
09   8.8  11.0   03:31   6.6   17:02   6.7   0.0   0.5  16.3  33.5   21:46   WSW
10   5.3   7.8   13:00   2.1   23:14  10.2   0.0   0.0  14.3  32.5   10:51     W
11   2.6   7.8   12:43   0.0   07:01  12.9   0.0   0.0   7.2  20.1   12:17     W
12   4.0   7.5   13:27   0.6   04:36  11.5   0.0   0.0  15.6  38.2   11:11   NNW
13   3.5   8.4   23:58  -0.2   06:40  12.0   0.0   0.5  10.9  27.7   21:07     W
14   7.5  10.6   12:56   4.0   23:34   8.0   0.0   1.3   8.8  28.7   00:16     W
15   4.4   6.1   15:12   2.4   07:14  11.1   0.0   0.0   6.0  14.3   02:11     W
16   5.9   9.7   06:24   0.8   23:15   9.6   0.0   0.8  12.9  33.5   10:52     W
17   4.2   7.2   14:02   1.1   03:54  11.3   0.0   0.0  15.3  35.4   21:07   WSW
18   4.4   6.8   11:46   1.3   20:06  11.1   0.0   0.0  12.4  32.5   01:12     W
19   2.2   4.6   12:18  -0.4   03:00  13.3   0.0   1.0   6.8  15.3   11:21     W
20   5.1   8.0   14:14   2.6   00:00  10.4   0.0  11.6   4.6  19.1   16:02     W
----------------------------------------------------------------------------------
     5.5  12.3     1    -0.9     6   200.6   0.0  17.3  10.8  38.2    12       W

Max >=  20.0  0
Max <=  10.0 12
Min <=   5.0 18
Min <=  -5.0  0
Max Rain: 11.6 on day 20
Days of Rain: 10 (>= 0.2 mm)  1 (>= 2.0 mm)  0 (>= 20.0 mm)
Heat Base: 15.5  Cool Base: 15.5  Method: Integration

Print This Page


::Copyright © J. Cranston::
2000 - 2017