Letham Shank Farm - Crops, Machinery and Livestock

 

   Letham Shank Weather Station
     Latitude  N 55° 46' 36"     Longitude  W 02° 02' 10"
     Elevation  54 m  
  
     Berwick-upon-Tweed, Northumberland TD15 1UX

| Current | Graphs | June | 2019 | Historic Data | Wind Maps | Converters | Forecast | Tides |

                   Monthly Climatological Summary for Nov 2018

Name: Letham Shank Farm   City: Berwick-upon-Tweed   State: Northumberland
Elevation: 54 m  Lat: N 55 46 36   Lon: W 002 02 10

                  Temperature (°C), Rain (mm), Wind Speed (kts)

                                      Heat  Cool        Avg
    Mean                              Deg   Deg         Wind                 Dom
Day Temp  High   Time   Low    Time   Days  Days  Rain  Speed High   Time    Dir
----------------------------------------------------------------------------------
01   5.0   8.9   13:38  -0.2   23:59  10.5   0.0   3.4   6.5  17.2   13:40     W
02   4.5   9.7   13:00  -0.5   00:25  11.0   0.0   0.5   8.2  23.9   23:55   WSW
03  10.9  13.4   15:11   6.0   02:12   4.6   0.0   1.2  17.9  37.3   07:30   SSW
04  11.1  13.9   13:25   9.6   23:50   4.4   0.0   0.7   8.8  28.7   00:24   SSW
05   9.2  11.1   13:44   8.2   06:30   6.3   0.0   0.2   5.4  20.1   06:11   SSE
06  10.1  11.9   12:26   8.7   00:03   5.4   0.0   0.5   9.0  27.7   21:27   SSE
07   9.7  11.9   00:41   5.4   23:52   5.8   0.0   4.1  11.6  30.6   05:00   SSE
08   7.2   9.8   20:34   4.1   07:26   8.3   0.0   0.2   7.3  33.5   21:29     S
09   8.1   9.7   19:06   6.2   04:15   7.4   0.0   3.4  14.8  37.3   22:17   SSE
10   8.4  11.0   12:14   5.8   06:57   7.1   0.0   2.2   8.6  31.5   00:34     S
11   6.1   8.2   11:09   4.1   19:24   9.4   0.0   1.0   4.9  23.9   22:43   SSW
12   8.2  11.6   11:48   6.4   23:53   7.3   0.0   0.2   9.9  27.7   12:58   SSW
13   8.4  11.2   11:59   6.1   04:52   7.1   0.0   0.0  12.6  32.5   12:14   WSW
14  10.8  12.8   13:02   8.8   23:29   4.7   0.0   2.9  15.2  46.8   14:28    SW
15   9.8  14.3   13:50   7.3   03:02   5.7   0.0   0.0   4.9  22.9   05:16   SSW
16  10.1  12.6   11:55   7.7   23:52   5.4   0.0   0.0   4.8  17.2   14:30    SE
17   8.0   9.3   12:54   7.2   07:59   7.5   0.0   0.0   8.5  22.0   00:17    SE
18   7.6  10.1   11:36   6.3   02:55   7.9   0.0   0.0   5.5  14.3   23:40   ESE
19   7.1   8.3   11:57   5.6   22:16   8.4   0.0   1.0  10.9  26.8   13:29     E
20   6.1   7.5   13:07   5.1   14:57   9.4   0.0   4.8  16.8  32.5   14:15     E
21   4.9   7.2   10:20   2.7   18:15  10.6   0.0  10.8  12.4  38.2   09:52   ESE
22   4.4   6.7   17:32   1.9   06:09  11.1   0.0   3.8   2.9  14.3   18:42     E
23   6.3   7.5   11:31   5.1   21:34   9.2   0.0   2.2   3.3  14.3   02:58   ESE
24   6.4   8.9   11:40   4.3   17:03   9.1   0.0   0.7   3.9  15.3   22:23   ENE
25   5.3   6.9   13:13   3.8   23:32  10.2   0.0   3.4   9.7  23.9   09:18     E
26   5.0   6.1   12:43   3.6   04:20  10.5   0.0  13.4   8.1  20.1   11:10     E
27   5.1   7.2   12:19   3.0   07:02  10.4   0.0   5.0  10.3  35.4   18:25   SSE
28   8.6  12.5   16:50   5.0   02:21   6.9   0.0   2.2  17.0  44.0   19:44   SSW
29   8.2  12.6   12:00   6.6   14:02   7.3   0.0   2.2  17.9  48.7   13:21   SSW
30   5.8   7.7   12:17   2.7   20:07   9.7   0.0   0.7  22.2  48.7   05:45   WSW
----------------------------------------------------------------------------------
     7.5  14.3    15    -0.5     2   238.6   0.0  70.7  10.0  48.7    29       S

Max >=  20.0  0
Max <=  10.0 16
Min <=   5.0 12
Min <=  -5.0  0
Max Rain: 13.4 on day 26
Days of Rain: 25 (>= 0.2 mm)  14 (>= 2.0 mm)  0 (>= 20.0 mm)
Heat Base: 15.5  Cool Base: 15.5  Method: Integration

Print This Page


::Copyright © J. Cranston::
2000 - 2019