Letham Shank Farm - Crops, Machinery and Livestock

 

   Letham Shank Weather Station
     Latitude  N 55° 46' 36"     Longitude  W 02° 02' 10"
     Elevation  54 m  
  
     Berwick-upon-Tweed, Northumberland TD15 1UX

| Current | Graphs | December | 2017 | Historic Data | Camera | Wind Maps | Converters | Forecast |

                   Monthly Climatological Summary for Dec 2017

Name: Letham Shank Farm   City: Berwick-upon-Tweed   State: Northumberland
Elevation: 54 m  Lat: N 55 46 36   Lon: W 002 02 10

                  Temperature (C), Rain (mm), Wind Speed (kts)

                                      Heat  Cool        Avg
    Mean                              Deg   Deg         Wind                 Dom
Day Temp  High   Time   Low    Time   Days  Days  Rain  Speed High   Time    Dir
----------------------------------------------------------------------------------
01   3.4   5.1   10:51   2.0   09:11  12.1   0.0   2.1  13.5  36.3   01:55   NNW
02   4.9   7.6   13:44   2.1   02:16  10.6   0.0   0.3   8.4  13.4   00:14   WNW
03   5.2   7.8   12:59   3.1   18:09  10.3   0.0   0.0   7.7  14.3   04:37   WNW
04   5.3   9.0   12:47   3.3   03:48  10.1   0.0   0.0  10.2  21.0   13:36     W
05   6.7   8.2   13:40   4.3   01:11   8.8   0.0   0.0  16.8  33.5   21:23   WSW
06   9.6  12.3   23:59   7.6   00:00   5.8   0.0   0.0  24.7  44.9   12:29   WSW
07   6.2  13.1   02:32   0.6   23:58   9.3   0.0   0.3  23.5  56.4   08:25   WSW
08   0.7   2.1   12:09  -0.5   06:29  14.8   0.0   0.0  16.2  33.5   13:51   WNW
09  -1.1   2.1   13:04  -3.7   23:15  16.6   0.0   0.0   9.3  22.0   02:44     W
10  -4.1  -0.1   13:58  -6.8   08:30  19.6   0.0   0.3   8.4  15.3   23:36   WNW
11  -2.1   2.1   15:02  -6.2   08:22  17.5   0.0   2.8   9.7  18.2   03:35   WNW
12   0.3   3.0   19:28  -2.6   08:41  15.2   0.0   0.8   9.0  16.2   18:56     W
13   2.4   4.8   11:05   0.3   23:57  13.1   0.0   0.3  12.8  24.9   06:17   WSW
14   1.3   3.5   23:58  -0.3   20:36  14.2   0.0   0.0  11.0  24.9   04:41     W
15   3.2   5.7   12:27   1.2   23:36  12.3   0.0   1.5  15.7  42.1   08:00   NNW
16   0.2   4.0   12:27  -1.5   22:20  15.3   0.0   0.0   9.0  22.0   00:51   WNW
----------------------------------------------------------------------------------
     2.6  13.1     7    -6.8    10   205.6   0.0   8.4  12.9  56.4     7       W

Max >=  20.0  0
Max <=  10.0 14
Min <=   5.0 15
Min <=  -5.0  2
Max Rain: 2.8 on day 11
Days of Rain: 8 (>= 0.2 mm)  2 (>= 2.0 mm)  0 (>= 20.0 mm)
Heat Base: 15.5  Cool Base: 15.5  Method: Integration

Print This Page


::Copyright © J. Cranston::
2000 - 2017