Letham Shank Farm - Crops, Machinery and Livestock

 

   Letham Shank Weather Station
     Latitude  N 55° 46' 36"     Longitude  W 02° 02' 10"
     Elevation  54 m  
  
     Berwick-upon-Tweed, Northumberland TD15 1UX

| Current | Graphs | February | 2019 | Historic Data | Wind Maps | Converters | Forecast | Tides |

                   Monthly Climatological Summary for Dec 2018

Name: Letham Shank Farm   City: Berwick-upon-Tweed   State: Northumberland
Elevation: 54 m  Lat: N 55° 46' 36"   Lon: W 002° 02' 10"

                  Temperature (°C), Rain (mm), Wind Speed (kts)

                                      Heat  Cool        Avg
    Mean                              Deg   Deg         Wind                 Dom
Day Temp  High   Time   Low    Time   Days  Days  Rain  Speed High   Time    Dir
----------------------------------------------------------------------------------
 1   4.4   6.8   17:38   1.9   07:08  11.1   0.0   0.7   5.1  22.9   01:45   WSW
 2   5.7   7.6   18:57   3.8   09:07   9.8   0.0   9.6   4.3  14.3   22:31     W
 3   4.1   7.5   03:04  -0.4   23:05  11.4   0.0   0.0   9.0  30.6   04:36   WNW
 4   0.3   3.8   12:06  -1.4   03:36  15.2   0.0   0.2   8.8  16.2   10:39     W
 5   3.2   7.4   21:54  -2.2   04:56  12.3   0.0   8.4   5.0  19.1   13:53   ESE
 6   6.7  10.9   13:50   3.3   05:14   8.8   0.0   1.4   9.3  31.5   16:10   WSW
 7   6.4   9.3   06:22   4.4   16:12   9.1   0.0   2.6  18.9  51.6   19:06   WSW
 8   6.5   9.1   12:20   2.6   22:23   9.0   0.0   0.0  18.3  44.0   02:30     W
 9   3.5   6.4   13:16  -0.9   23:04  12.0   0.0   0.0   9.9  22.9   08:25    NW
10   1.1   4.3   12:23  -0.8   07:12  14.4   0.0   0.2   6.3  13.4   00:00   WNW
11   3.3   5.4   19:15  -0.2   01:21  12.2   0.0   0.0   2.9  20.1   23:14     S
12   4.5   6.7   13:11   2.9   23:07  10.9   0.0   0.0  12.1  30.6   19:32   SSE
13   3.9   5.6   12:06   1.8   22:51  11.6   0.0   0.0  10.8  30.6   04:13   SSE
14   1.1   4.1   13:27  -0.8   17:03  14.4   0.0   0.0   6.4  25.8   23:44     S
15   1.4   4.0   23:59  -0.1   03:12  14.0   0.0  17.3  19.1  52.6   16:53   SSE
16   4.5   7.3   13:01   1.9   03:07  11.0   0.0   2.9  10.3  41.1   00:02    SW
17   3.6   6.6   23:55   0.8   05:09  11.9   0.0   1.7   6.8  27.7   22:03    SW
18   7.5   9.2   12:32   4.7   23:57   8.0   0.0   2.4  13.8  41.1   09:47     S
19   4.2   7.7   13:31   2.5   06:00  11.2   0.0   0.2   2.8  16.2   19:29     S
20   4.1   5.6   14:15   2.7   03:38  11.2   0.0   0.3   4.4  14.3   18:51    SW
21   4.8   6.2   15:21   2.9   03:13  10.7   0.0   0.2   6.6  17.2   16:06     W
22   5.1   8.8   13:12   3.2   23:55  10.4   0.0   0.0  10.7  22.9   13:24     W
23   3.0   5.8   14:26   1.3   23:46  12.5   0.0   0.0   7.6  15.3   00:45   WNW
24   1.6   3.9   12:27  -0.8   23:20  13.7   0.0   0.0   6.7  17.2   13:27   WNW
25   4.2   7.8   13:57  -0.9   02:41  11.3   0.0   0.2  11.5  22.0   10:11     W
26   8.8   9.8   11:59   7.7   00:04   6.7   0.0   0.0  14.7  28.7   06:29   WSW
27   7.2   9.3   14:28   5.7   06:15   8.3   0.0   0.0   9.4  19.1   00:08     W
28   6.8  10.6   13:17   3.1   22:08   8.7   0.0   0.0  10.9  31.5   13:32     W
29   7.7  10.7   08:07   3.8   19:35   7.8   0.0   1.2  17.9  50.7   08:25     W
30   8.5  11.4   12:11   5.6   00:00   6.9   0.0   0.5  13.0  27.7   10:18     W
31   9.2  11.1   23:56   7.1   07:32   6.3   0.0   0.0  18.6  40.1   21:47   WSW
----------------------------------------------------------------------------------
     4.7  11.4    30    -2.2     5   332.8   0.0  50.0  10.1  52.6    15     WSW

Max >=  20.0:  0
Max <=  10.0: 26
Min <=   5.0: 27
Min <=  -5.0:  0
Max Rain: 17.3 on day 15
Days of Rain: 17 (>= 0.2 mm)  6 (>= 2.0 mm)  0 (>= 20.0 mm)
Heat Base: 15.5  Cool Base: 15.5  Method: Integration

Print This Page


::Copyright © J. Cranston::
2000 - 2019