Letham Shank Farm - Crops, Machinery and Livestock

 

   Letham Shank Weather Station
     Latitude  N 55° 46' 36"     Longitude  W 02° 02' 10"
     Elevation  54 m  
  
     Berwick-upon-Tweed, Northumberland TD15 1UX

| Current | Graphs | December | 2017 | Historic Data | Camera | Wind Maps | Converters | Forecast |

                   Annual Climatological Summary for 2017

Name: Letham Shank Farm   City: Berwick-upon-Tweed   State: Northumberland
Elevation: 54 m  Lat: N 55 46 36   Lon: W 002 02 10

                  Temperature (C), Heat Base: 15.5  Cool Base: 15.5
                          Dep.  Heat  Cool                       Max  Max  Min  Min
        Mean  Mean        From  Deg   Deg                        >=   <=   <=   <=
 YR MO  Max   Min   Mean  Norm  Days  Days  Hi  Date  Low  Date 20.0 10.0  5.0  -5.0
------------------------------------------------------------------------------------
 17  1   6.1   1.3   3.8   0.3   361     0  10.7  11  -3.7   30    0   29   27    0
 17  2   7.8   2.8   5.2   1.6   289     0  13.7  20  -1.9    6    0   20   23    0
 17  3  10.0   3.0   6.4   0.6   281     0  14.7  25  -1.2    2    0   16   27    0
 17  4  12.0   3.7   7.6  -0.2   237     0  16.6  20   0.3   18    0    6   24    0
 17  5  14.1   7.4  10.7   0.6   156     6  22.1  24   3.2   10    3    3    3    0
 17  6  17.4   9.7  13.2   0.5    83    15  25.0  17   6.1    4    6    0    0    0
 17  7  17.4  10.1  13.7  -1.1    70    14  22.7  17   6.0    8    3    0    0    0
 17  8  18.2   9.9  13.9  -1.0    66    16  21.3  17   6.0   21    3    0    0    0
 17  9  15.5   8.5  11.9  -0.6   109     1  18.9   4   3.9   19    0    0    2    0
 17 10  13.9   8.2  11.0   1.3   141     0  17.6  13   0.3   30    0    1    5    0
 17 11   8.0   1.9   5.0  -1.3   315     0  12.3   1  -0.9    6    0   20   26    0
 17 12   5.6   0.2   2.6  -0.3   206     0  13.1   7  -6.8   10    0   14   15    2
------------------------------------------------------------------------------------
        12.2   5.6   8.7   0.0  2314    51  25.0 Jun  -6.8  Dec   15  109  152    2

                                Precipitation (mm)

              Dep.   Max        Days of Rain
              From   Obs.           >=
 YR MO Total  Norm   Day Date  0.2  2.0 20.0
---------------------------------------------
 17  1  26.9 -20.8   8.0  15    16    3    0
 17  2  57.0  15.9  16.0  23    17    7    0
 17  3  42.4   5.5   7.2   4    20    9    0
 17  4  24.2 -24.7   8.5  25     8    4    0
 17  5  35.3 -15.9   7.7  15    13    6    0
 17  6 126.7  66.0  37.7  29    16   12    1
 17  7  63.1  -1.1   9.3   4    18   10    0
 17  8  74.6   5.7  16.3  18    15   12    0
 17  9  66.0   8.2  10.1  13    26   13    0
 17 10  45.9 -30.7   7.7   4    21    7    0
 17 11  67.6   5.1  29.9  22    20    6    1
 17 12   8.4 -54.8   2.8  11     8    2    0
---------------------------------------------
       638.1 -41.6  37.7  Jun  198   91    2

                                Wind Speed (kts)
                          Dom
 YR MO   Avg.  Hi   Date  Dir
------------------------------
 17  1  11.0  65.0   11     W
 17  2  12.4  53.5   25    SW
 17  3  10.7  50.7   14   WSW
 17  4  11.3  45.9   11   WNW
 17  5   9.4  42.1   16   NNE
 17  6  11.5  43.0   11   WSW
 17  7   9.6  39.2   15   WSW
 17  8   9.8  42.1   19   WSW
 17  9   9.2  35.4    3   WSW
 17 10  13.3  65.0   17   WSW
 17 11  11.7  44.9   30     W
 17 12  12.9  56.4    7     W
------------------------------
        11.1  65.0  Jan     W

Print This Page


::Copyright © J. Cranston::
2000 - 2017