Letham Shank Farm - Crops, Machinery and Livestock

 

   Letham Shank Weather Station
     Latitude  N 55° 46' 36"     Longitude  W 02° 02' 10"
     Elevation  54 m  
  
     Berwick-upon-Tweed, Northumberland TD15 1UX

| Current | Graphs | October | 2018 | Historic Data | Wind Maps | Converters | Forecast |

                   Annual Climatological Summary for 2018

Name: Letham Shank Farm   City: Berwick-upon-Tweed   State: Northumberland
Elevation: 54 m  Lat: N 55 46 36   Lon: W 002 02 10

                  Temperature (C), Heat Base: 15.5  Cool Base: 15.5
                          Dep.  Heat  Cool                       Max  Max  Min  Min
        Mean  Mean        From  Deg   Deg                        >=   <=   <=   <=
 YR MO  Max   Min   Mean  Norm  Days  Days  Hi  Date  Low  Date 20.0 10.0  5.0  -5.0
------------------------------------------------------------------------------------
 18  1   6.0   1.2   3.6   0.1   367     0  12.4  28  -4.4   20    0   27   30    0
 18  2   4.9  -0.5   2.2  -1.4   373     0   9.5  20  -4.8    7    0   28   28    0
 18  3   6.2   1.3   3.6  -2.2   367     0  11.5  25  -3.3    1    0   30   30    0
 18  4  10.7   4.7   7.5  -0.3   240     2  20.7  19  -1.3    5    1   16   15    0
 18  5  14.9   6.8  10.7   0.6   153     4  22.1   6   0.0    1    2    1    7    0
 18  6  17.1   8.7  12.9   0.2    91    12  24.8  25   5.8   17    6    0    0    0
 18  7  21.5  11.6  16.3   1.5    34    58  27.3   8   8.5   26   24    0    0    0
 18  8  19.5  10.8  14.7  -0.2    57    30  26.2   2   4.7   31   14    0    1    0
 18  9  16.5   7.6  11.6  -0.9   123     8  24.5   2   2.5   24    2    0    6    0
 18 10  14.8   6.1  10.1   0.4    98     1  18.9  10   1.5   15    0    0   10    0
 18 11
 18 12
------------------------------------------------------------------------------------
        13.2   5.8   9.3  -0.2  1902   114  27.3 Jul  -4.8  Feb   49  102  127    0

                                Precipitation (mm)

              Dep.   Max        Days of Rain
              From   Obs.           >=
 YR MO Total  Norm   Day Date  0.2  2.0 20.0
---------------------------------------------
 18  1  50.6   2.9  10.6   4    19    7    0
 18  2  55.6  14.5  16.8  10    17    9    0
 18  3 124.9  88.0  20.4  16    17   10    1
 18  4  90.1  41.2  29.7   4    17    8    1
 18  5  31.8 -19.4  13.9  13    15    4    0
 18  6  28.1 -32.6  18.8  20     9    3    0
 18  7  44.5 -19.7  15.0  30    10    6    0
 18  8 110.6  41.7  42.1  12    19    8    2
 18  9  71.0  13.2  21.4  21    15    6    1
 18 10  34.2 -42.4  22.6  13    10    3    1
---------------------------------------------
       641.4  87.4  42.1  Aug  148   64    6

                                Wind Speed (kts)
                          Dom
 YR MO   Avg.  Hi   Date  Dir
------------------------------
 18  1  12.3  56.4   24   WSW
 18  2  10.2  44.0   15   WSW
 18  3  11.5  44.0   15   ESE
 18  4  10.3  45.9   26   WSW
 18  5   9.3  36.3    1    NW
 18  6   6.5  57.4   14   WNW
 18  7   2.9  36.3   28    SW
 18  8   2.4  29.6   15   WSW
 18  9   7.4  79.3   19   WSW
 18 10  11.8  48.7    9   WSW
 18 11
 18 12
------------------------------
         8.5  79.3  Sep   WSW

Print This Page


::Copyright © J. Cranston::
2000 - 2018